{"id":2208,"date":"2025-11-26T17:26:52","date_gmt":"2025-11-26T23:26:52","guid":{"rendered":"https:\/\/dicosvalledebravo.com\/portal\/?page_id=2208"},"modified":"2026-04-17T11:12:31","modified_gmt":"2026-04-17T17:12:31","slug":"obras","status":"publish","type":"page","link":"https:\/\/dicosvalledebravo.com\/portal\/obras\/","title":{"rendered":"Obras"},"content":{"rendered":"\t\t<div data-elementor-type=\"wp-page\" data-elementor-id=\"2208\" class=\"elementor elementor-2208\" data-elementor-post-type=\"page\">\n\t\t\t\t<div class=\"elementor-element elementor-element-120a9eb0 e-flex e-con-boxed e-con e-parent\" data-id=\"120a9eb0\" data-element_type=\"container\" data-settings=\"{&quot;background_background&quot;:&quot;classic&quot;}\">\n\t\t\t\t\t<div class=\"e-con-inner\">\n\t\t<div class=\"elementor-element elementor-element-4c2bc7ac e-con-full e-flex e-con e-child\" data-id=\"4c2bc7ac\" data-element_type=\"container\">\n\t\t\t\t<div class=\"elementor-element elementor-element-5d85084 elementor-widget elementor-widget-heading\" data-id=\"5d85084\" data-element_type=\"widget\" data-widget_type=\"heading.default\">\n\t\t\t\t<div class=\"elementor-widget-container\">\n\t\t\t\t\t<h2 class=\"elementor-heading-title elementor-size-default\">Obras<\/h2>\t\t\t\t<\/div>\n\t\t\t\t<\/div>\n\t\t\t\t<div class=\"elementor-element elementor-element-3d5d27b0 elementor-widget elementor-widget-heading\" data-id=\"3d5d27b0\" data-element_type=\"widget\" data-widget_type=\"heading.default\">\n\t\t\t\t<div class=\"elementor-widget-container\">\n\t\t\t\t\t<h2 class=\"elementor-heading-title elementor-size-default\">DICOS<\/h2>\t\t\t\t<\/div>\n\t\t\t\t<\/div>\n\t\t\t\t<\/div>\n\t\t<div class=\"elementor-element elementor-element-100522cb e-con-full e-flex e-con e-child\" data-id=\"100522cb\" data-element_type=\"container\">\n\t\t\t\t<div class=\"elementor-element elementor-element-68a558b0 elementor-widget elementor-widget-text-editor\" data-id=\"68a558b0\" data-element_type=\"widget\" data-widget_type=\"text-editor.default\">\n\t\t\t\t<div class=\"elementor-widget-container\">\n\t\t\t\t\t\t\t\t\t<p data-start=\"207\" data-end=\"441\">Nuestro portafolio integra desarrollos arquitect\u00f3nicos y de construcci\u00f3n que destacan por su funcionalidad, eficiencia y est\u00e9tica, siempre alineados a las necesidades espec\u00edficas de cada cliente.<\/p>\t\t\t\t\t\t\t\t<\/div>\n\t\t\t\t<\/div>\n\t\t\t\t<\/div>\n\t\t\t\t\t<\/div>\n\t\t\t\t<\/div>\n\t\t<div class=\"elementor-element elementor-element-385d74e e-flex e-con-boxed e-con e-parent\" data-id=\"385d74e\" data-element_type=\"container\" data-settings=\"{&quot;background_background&quot;:&quot;classic&quot;}\">\n\t\t\t\t\t<div class=\"e-con-inner\">\n\t\t<div class=\"elementor-element elementor-element-2c614d7 e-con-full e-flex e-con e-child\" data-id=\"2c614d7\" data-element_type=\"container\">\n\t\t<div class=\"elementor-element elementor-element-b4c9ce3 e-con-full e-flex e-con e-child\" data-id=\"b4c9ce3\" data-element_type=\"container\">\n\t\t\t\t<div class=\"elementor-element elementor-element-02f3a2e elementor-position-top elementor-widget elementor-widget-image-box\" data-id=\"02f3a2e\" data-element_type=\"widget\" data-widget_type=\"image-box.default\">\n\t\t\t\t<div class=\"elementor-widget-container\">\n\t\t\t\t\t<div class=\"elementor-image-box-wrapper\"><figure class=\"elementor-image-box-img\"><a href=\"#elementor-action%3Aaction%3Dpopup%3Aopen%26settings%3DeyJpZCI6IjIyOTIiLCJ0b2dnbGUiOmZhbHNlfQ%3D%3D\" tabindex=\"-1\"><img decoding=\"async\" src=\"https:\/\/dicosvalledebravo.com\/portal\/wp-content\/uploads\/elementor\/thumbs\/WhatsApp-Image-2025-11-29-at-4.09.28-PM-rfftpsn3csbfyinz8tym3lnpo3oz62aaojvp4pnz68.jpeg\" title=\"WhatsApp Image 2025-11-29 at 4.09.28 PM\" alt=\"WhatsApp Image 2025-11-29 at 4.09.28 PM\" loading=\"lazy\" \/><\/a><\/figure><div class=\"elementor-image-box-content\"><h3 class=\"elementor-image-box-title\"><a href=\"#elementor-action%3Aaction%3Dpopup%3Aopen%26settings%3DeyJpZCI6IjIyOTIiLCJ0b2dnbGUiOmZhbHNlfQ%3D%3D\">Obra:<br>Casa CG<\/a><\/h3><\/div><\/div>\t\t\t\t<\/div>\n\t\t\t\t<\/div>\n\t\t\t\t<\/div>\n\t\t<div class=\"elementor-element elementor-element-d45308a e-con-full e-flex e-con e-child\" data-id=\"d45308a\" data-element_type=\"container\">\n\t\t\t\t<div class=\"elementor-element elementor-element-adac302 elementor-position-top elementor-widget elementor-widget-image-box\" data-id=\"adac302\" data-element_type=\"widget\" data-widget_type=\"image-box.default\">\n\t\t\t\t<div class=\"elementor-widget-container\">\n\t\t\t\t\t<div class=\"elementor-image-box-wrapper\"><figure class=\"elementor-image-box-img\"><a href=\"#elementor-action%3Aaction%3Dpopup%3Aopen%26settings%3DeyJpZCI6IjIyMjgiLCJ0b2dnbGUiOmZhbHNlfQ%3D%3D\" tabindex=\"-1\"><img decoding=\"async\" src=\"https:\/\/dicosvalledebravo.com\/portal\/wp-content\/uploads\/elementor\/thumbs\/WhatsApp-Image-2025-11-20-at-6.39.48-PM-rfaoslj1t546oym7lpzp80styq68iio8ehepbqcxjk.jpeg\" title=\"WhatsApp Image 2025-11-20 at 6.39.48 PM\" alt=\"WhatsApp Image 2025-11-20 at 6.39.48 PM\" loading=\"lazy\" \/><\/a><\/figure><div class=\"elementor-image-box-content\"><h3 class=\"elementor-image-box-title\"><a href=\"#elementor-action%3Aaction%3Dpopup%3Aopen%26settings%3DeyJpZCI6IjIyMjgiLCJ0b2dnbGUiOmZhbHNlfQ%3D%3D\">Obra:<br>Casa RR<\/a><\/h3><\/div><\/div>\t\t\t\t<\/div>\n\t\t\t\t<\/div>\n\t\t\t\t<\/div>\n\t\t<div class=\"elementor-element elementor-element-3a3e59a e-con-full e-flex e-con e-child\" data-id=\"3a3e59a\" data-element_type=\"container\">\n\t\t\t\t<div class=\"elementor-element elementor-element-8cee82a elementor-position-top elementor-widget elementor-widget-image-box\" data-id=\"8cee82a\" data-element_type=\"widget\" data-widget_type=\"image-box.default\">\n\t\t\t\t<div class=\"elementor-widget-container\">\n\t\t\t\t\t<div class=\"elementor-image-box-wrapper\"><figure class=\"elementor-image-box-img\"><a href=\"#elementor-action%3Aaction%3Dpopup%3Aopen%26settings%3DeyJpZCI6IjI0MDciLCJ0b2dnbGUiOmZhbHNlfQ%3D%3D\" tabindex=\"-1\"><img decoding=\"async\" src=\"https:\/\/dicosvalledebravo.com\/portal\/wp-content\/uploads\/elementor\/thumbs\/WhatsApp-Image-2025-12-06-at-3.16.36-PM-rfscohrzk4e904v00dbdgtydooxks0wuquiukqbf0w.jpeg\" title=\"WhatsApp Image 2025-12-06 at 3.16.36 PM\" alt=\"WhatsApp Image 2025-12-06 at 3.16.36 PM\" loading=\"lazy\" \/><\/a><\/figure><div class=\"elementor-image-box-content\"><h3 class=\"elementor-image-box-title\"><a href=\"#elementor-action%3Aaction%3Dpopup%3Aopen%26settings%3DeyJpZCI6IjI0MDciLCJ0b2dnbGUiOmZhbHNlfQ%3D%3D\">Obra:<br>Plaza Fontanas 23<\/a><\/h3><\/div><\/div>\t\t\t\t<\/div>\n\t\t\t\t<\/div>\n\t\t\t\t<\/div>\n\t\t<div class=\"elementor-element elementor-element-17ae76a e-con-full e-flex e-con e-child\" data-id=\"17ae76a\" data-element_type=\"container\">\n\t\t\t\t<div class=\"elementor-element elementor-element-3c63a97 elementor-position-top elementor-widget elementor-widget-image-box\" data-id=\"3c63a97\" data-element_type=\"widget\" data-widget_type=\"image-box.default\">\n\t\t\t\t<div class=\"elementor-widget-container\">\n\t\t\t\t\t<div class=\"elementor-image-box-wrapper\"><figure class=\"elementor-image-box-img\"><a href=\"#elementor-action%3Aaction%3Dpopup%3Aopen%26settings%3DeyJpZCI6IjIyNTYiLCJ0b2dnbGUiOmZhbHNlfQ%3D%3D\" tabindex=\"-1\"><img decoding=\"async\" src=\"https:\/\/dicosvalledebravo.com\/portal\/wp-content\/uploads\/elementor\/thumbs\/WhatsApp-Image-2025-11-29-at-4.00.34-PM-rfft1jf0zp42crwdvui7980ht58zj8znohtmanmpqo.jpeg\" title=\"WhatsApp Image 2025-11-29 at 4.00.34 PM\" alt=\"WhatsApp Image 2025-11-29 at 4.00.34 PM\" loading=\"lazy\" \/><\/a><\/figure><div class=\"elementor-image-box-content\"><h3 class=\"elementor-image-box-title\"><a href=\"#elementor-action%3Aaction%3Dpopup%3Aopen%26settings%3DeyJpZCI6IjIyNTYiLCJ0b2dnbGUiOmZhbHNlfQ%3D%3D\">Obra:<br>Alberca<\/a><\/h3><\/div><\/div>\t\t\t\t<\/div>\n\t\t\t\t<\/div>\n\t\t\t\t<\/div>\n\t\t\t\t<\/div>\n\t\t<div class=\"elementor-element elementor-element-aa33aff e-con-full e-flex e-con e-child\" data-id=\"aa33aff\" data-element_type=\"container\">\n\t\t<div class=\"elementor-element elementor-element-5968075 e-con-full e-flex e-con e-child\" data-id=\"5968075\" data-element_type=\"container\">\n\t\t\t\t<div class=\"elementor-element elementor-element-b70ef86 elementor-position-top elementor-widget elementor-widget-image-box\" data-id=\"b70ef86\" data-element_type=\"widget\" data-widget_type=\"image-box.default\">\n\t\t\t\t<div class=\"elementor-widget-container\">\n\t\t\t\t\t<div class=\"elementor-image-box-wrapper\"><figure class=\"elementor-image-box-img\"><a href=\"#elementor-action%3Aaction%3Dpopup%3Aopen%26settings%3DeyJpZCI6IjIzMTYiLCJ0b2dnbGUiOmZhbHNlfQ%3D%3D\" tabindex=\"-1\"><img decoding=\"async\" src=\"https:\/\/dicosvalledebravo.com\/portal\/wp-content\/uploads\/elementor\/thumbs\/WhatsApp-Image-2025-11-29-at-4.12.53-PM-rfftxu5dtrbraezgab3pfkloms210u7mgct8xxqpxs.jpeg\" title=\"WhatsApp Image 2025-11-29 at 4.12.53 PM\" alt=\"WhatsApp Image 2025-11-29 at 4.12.53 PM\" loading=\"lazy\" \/><\/a><\/figure><div class=\"elementor-image-box-content\"><h3 class=\"elementor-image-box-title\"><a href=\"#elementor-action%3Aaction%3Dpopup%3Aopen%26settings%3DeyJpZCI6IjIzMTYiLCJ0b2dnbGUiOmZhbHNlfQ%3D%3D\">Obra:<br>Empedrado de Calle<\/a><\/h3><\/div><\/div>\t\t\t\t<\/div>\n\t\t\t\t<\/div>\n\t\t\t\t<\/div>\n\t\t<div class=\"elementor-element elementor-element-0a74857 e-con-full e-flex e-con e-child\" data-id=\"0a74857\" data-element_type=\"container\">\n\t\t\t\t<div class=\"elementor-element elementor-element-55ae137 elementor-position-top elementor-widget elementor-widget-image-box\" data-id=\"55ae137\" data-element_type=\"widget\" data-widget_type=\"image-box.default\">\n\t\t\t\t<div class=\"elementor-widget-container\">\n\t\t\t\t\t<div class=\"elementor-image-box-wrapper\"><figure class=\"elementor-image-box-img\"><a href=\"#elementor-action%3Aaction%3Dpopup%3Aopen%26settings%3DeyJpZCI6IjIzMjYiLCJ0b2dnbGUiOmZhbHNlfQ%3D%3D\" tabindex=\"-1\"><img decoding=\"async\" src=\"https:\/\/dicosvalledebravo.com\/portal\/wp-content\/uploads\/elementor\/thumbs\/WhatsApp-Image-2025-11-29-at-4.18.09-PM-rffu77lfza5p2fdajuyrspg5w3uss6f9er0k89udw0.jpeg\" title=\"WhatsApp Image 2025-11-29 at 4.18.09 PM\" alt=\"WhatsApp Image 2025-11-29 at 4.18.09 PM\" loading=\"lazy\" \/><\/a><\/figure><div class=\"elementor-image-box-content\"><h3 class=\"elementor-image-box-title\"><a href=\"#elementor-action%3Aaction%3Dpopup%3Aopen%26settings%3DeyJpZCI6IjIzMjYiLCJ0b2dnbGUiOmZhbHNlfQ%3D%3D\">Obra:<br>Casa Polen<\/a><\/h3><\/div><\/div>\t\t\t\t<\/div>\n\t\t\t\t<\/div>\n\t\t\t\t<\/div>\n\t\t<div class=\"elementor-element elementor-element-30be745 e-con-full e-flex e-con e-child\" data-id=\"30be745\" data-element_type=\"container\">\n\t\t\t\t<div class=\"elementor-element elementor-element-42772bc elementor-position-top elementor-widget elementor-widget-image-box\" data-id=\"42772bc\" data-element_type=\"widget\" data-widget_type=\"image-box.default\">\n\t\t\t\t<div class=\"elementor-widget-container\">\n\t\t\t\t\t<div class=\"elementor-image-box-wrapper\"><figure class=\"elementor-image-box-img\"><a href=\"#elementor-action%3Aaction%3Dpopup%3Aopen%26settings%3DeyJpZCI6IjIyNjYiLCJ0b2dnbGUiOmZhbHNlfQ%3D%3D\" tabindex=\"-1\"><img decoding=\"async\" src=\"https:\/\/dicosvalledebravo.com\/portal\/wp-content\/uploads\/elementor\/thumbs\/WhatsApp-Image-2025-11-29-at-4.03.00-PM-rfftcdi1rxy26y5rm14dhzksc1ub9n09i4k4ghkc0g.jpeg\" title=\"WhatsApp Image 2025-11-29 at 4.03.00 PM\" alt=\"WhatsApp Image 2025-11-29 at 4.03.00 PM\" loading=\"lazy\" \/><\/a><\/figure><div class=\"elementor-image-box-content\"><h3 class=\"elementor-image-box-title\"><a href=\"#elementor-action%3Aaction%3Dpopup%3Aopen%26settings%3DeyJpZCI6IjIyNjYiLCJ0b2dnbGUiOmZhbHNlfQ%3D%3D\">Obra:<br>Ampliaci\u00f3n Paradise<\/a><\/h3><\/div><\/div>\t\t\t\t<\/div>\n\t\t\t\t<\/div>\n\t\t\t\t<\/div>\n\t\t<div class=\"elementor-element elementor-element-255e4c9 e-con-full e-flex e-con e-child\" data-id=\"255e4c9\" data-element_type=\"container\">\n\t\t\t\t<\/div>\n\t\t\t\t<\/div>\n\t\t\t\t\t<\/div>\n\t\t\t\t<\/div>\n\t\t\t\t<\/div>\n\t\t","protected":false},"excerpt":{"rendered":"<p>Obras DICOS Nuestro portafolio integra desarrollos arquitect\u00f3nicos y de construcci\u00f3n que destacan por su funcionalidad, eficiencia y est\u00e9tica, siempre alineados a las necesidades espec\u00edficas de cada cliente. Obra:Casa CG Obra:Casa RR Obra:Plaza Fontanas 23 Obra:Alberca Obra:Empedrado de Calle Obra:Casa Polen Obra:Ampliaci\u00f3n Paradise<\/p>\n","protected":false},"author":1,"featured_media":0,"parent":0,"menu_order":0,"comment_status":"closed","ping_status":"closed","template":"elementor_header_footer","meta":{"footnotes":""},"class_list":["post-2208","page","type-page","status-publish","hentry"],"_links":{"self":[{"href":"https:\/\/dicosvalledebravo.com\/portal\/wp-json\/wp\/v2\/pages\/2208","targetHints":{"allow":["GET"]}}],"collection":[{"href":"https:\/\/dicosvalledebravo.com\/portal\/wp-json\/wp\/v2\/pages"}],"about":[{"href":"https:\/\/dicosvalledebravo.com\/portal\/wp-json\/wp\/v2\/types\/page"}],"author":[{"embeddable":true,"href":"https:\/\/dicosvalledebravo.com\/portal\/wp-json\/wp\/v2\/users\/1"}],"replies":[{"embeddable":true,"href":"https:\/\/dicosvalledebravo.com\/portal\/wp-json\/wp\/v2\/comments?post=2208"}],"version-history":[{"count":88,"href":"https:\/\/dicosvalledebravo.com\/portal\/wp-json\/wp\/v2\/pages\/2208\/revisions"}],"predecessor-version":[{"id":2540,"href":"https:\/\/dicosvalledebravo.com\/portal\/wp-json\/wp\/v2\/pages\/2208\/revisions\/2540"}],"wp:attachment":[{"href":"https:\/\/dicosvalledebravo.com\/portal\/wp-json\/wp\/v2\/media?parent=2208"}],"curies":[{"name":"wp","href":"https:\/\/api.w.org\/{rel}","templated":true}]}}